{"id":4250,"date":"2025-10-08T06:47:16","date_gmt":"2025-10-08T06:47:16","guid":{"rendered":"https:\/\/hmvhelyivizsgakozpont.hu\/?page_id=4250"},"modified":"2026-02-26T08:10:44","modified_gmt":"2026-02-26T08:10:44","slug":"minosegiranyitas","status":"publish","type":"page","link":"https:\/\/hmvhelyivizsgakozpont.hu\/index.php\/minosegiranyitas\/","title":{"rendered":"Min\u0151s\u00e9gir\u00e1ny\u00edt\u00e1s"},"content":{"rendered":"\t\t<div data-elementor-type=\"wp-page\" data-elementor-id=\"4250\" class=\"elementor elementor-4250\" data-elementor-settings=\"[]\">\n\t\t\t\t\t\t\t<div class=\"elementor-section-wrap\">\n\t\t\t\t\t\t\t<section class=\"elementor-section elementor-top-section elementor-element elementor-element-95da31f elementor-section-boxed elementor-section-height-default elementor-section-height-default\" data-id=\"95da31f\" data-element_type=\"section\" data-settings=\"{&quot;_ha_eqh_enable&quot;:false}\">\n\t\t\t\t\t\t<div class=\"elementor-container elementor-column-gap-default\">\n\t\t\t\t\t<div class=\"elementor-column elementor-col-100 elementor-top-column elementor-element elementor-element-bef938a\" data-id=\"bef938a\" data-element_type=\"column\">\n\t\t\t<div class=\"elementor-widget-wrap elementor-element-populated\">\n\t\t\t\t\t\t\t\t<div class=\"elementor-element elementor-element-5c91917 elementor-widget elementor-widget-heading\" data-id=\"5c91917\" data-element_type=\"widget\" data-widget_type=\"heading.default\">\n\t\t\t\t<div class=\"elementor-widget-container\">\n\t\t\t<style>\/*! elementor - v3.5.3 - 28-12-2021 *\/\n.elementor-heading-title{padding:0;margin:0;line-height:1}.elementor-widget-heading .elementor-heading-title[class*=elementor-size-]>a{color:inherit;font-size:inherit;line-height:inherit}.elementor-widget-heading .elementor-heading-title.elementor-size-small{font-size:15px}.elementor-widget-heading .elementor-heading-title.elementor-size-medium{font-size:19px}.elementor-widget-heading .elementor-heading-title.elementor-size-large{font-size:29px}.elementor-widget-heading .elementor-heading-title.elementor-size-xl{font-size:39px}.elementor-widget-heading .elementor-heading-title.elementor-size-xxl{font-size:59px}<\/style><h2 class=\"elementor-heading-title elementor-size-default\">Min\u0151s\u00e9gpolitika<\/h2>\t\t<\/div>\n\t\t\t\t<\/div>\n\t\t\t\t<div class=\"elementor-element elementor-element-0b4ace4 elementor-widget elementor-widget-text-editor\" data-id=\"0b4ace4\" data-element_type=\"widget\" data-widget_type=\"text-editor.default\">\n\t\t\t\t<div class=\"elementor-widget-container\">\n\t\t\t<style>\/*! elementor - v3.5.3 - 28-12-2021 *\/\n.elementor-widget-text-editor.elementor-drop-cap-view-stacked .elementor-drop-cap{background-color:#818a91;color:#fff}.elementor-widget-text-editor.elementor-drop-cap-view-framed .elementor-drop-cap{color:#818a91;border:3px solid;background-color:transparent}.elementor-widget-text-editor:not(.elementor-drop-cap-view-default) .elementor-drop-cap{margin-top:8px}.elementor-widget-text-editor:not(.elementor-drop-cap-view-default) .elementor-drop-cap-letter{width:1em;height:1em}.elementor-widget-text-editor .elementor-drop-cap{float:left;text-align:center;line-height:1;font-size:50px}.elementor-widget-text-editor .elementor-drop-cap-letter{display:inline-block}<\/style>\t\t\t\t<div>Vizsgak\u00f6zpontunk az \u00faj szakk\u00e9pz\u00e9si rendszer jogszab\u00e1lyaiban meghat\u00e1rozott akkredit\u00e1lt vizsg\u00e1ztat\u00e1si tev\u00e9kenys\u00e9get folytat.<\/div><div>C\u00e9lunk, hogy a piaci \u00e9s a gazdas\u00e1gi szerepl\u0151k r\u00e9sz\u00e9r\u0151l felmer\u00fcl\u0151 ig\u00e9nyekre gyorsan \u00e9s rugalmasan reag\u00e1lva, professzion\u00e1lis vizsgaszervez\u00e9ssel \u00e9s lebonyol\u00edt\u00e1ssal min\u00e9l t\u00f6bb vizsg\u00e1ra jelentkez\u0151 sz\u00e1m\u00e1ra lehet\u0151v\u00e9 tegy\u00fck a v\u00e1lasztott szakmai v\u00e9gzetts\u00e9g megszerz\u00e9s\u00e9t, seg\u00edtve \u0151ket c\u00e9ljaik el\u00e9r\u00e9s\u00e9ben \u00e9s munkaer\u0151 piaci lehet\u0151s\u00e9geik b\u0151v\u00edt\u00e9s\u00e9ben.<\/div><div>T\u00f6reksz\u00fcnk a vizsg\u00e1ra jelentkez\u0151k \u00e9s partnereink r\u00e9szletes t\u00e1j\u00e9koztat\u00e1s\u00e1ra, szolg\u00e1ltat\u00e1saink \u00e1tl\u00e1that\u00f3s\u00e1g\u00e1ra, az esetlegesen felmer\u00fcl\u0151 k\u00e9rd\u00e9sek gyors \u00e9s korrekt megv\u00e1laszol\u00e1s\u00e1ra, hogy seg\u00edts\u00fck a vel\u00fcnk kapcsolatba ker\u00fcl\u0151 vizsg\u00e1ra jelentkez\u0151k, partnerek d\u00f6nt\u00e9seit \u00e9s munk\u00e1j\u00e1t.<\/div><div>Hissz\u00fck, hogy a sikeres m\u0171k\u00f6d\u00e9s z\u00e1loga a min\u0151s\u00e9gi, p\u00e1rtatlan munkav\u00e9gz\u00e9s, az etikus magatart\u00e1s, amelynek \u00e9rdek\u00e9ben bels\u0151 szab\u00e1lyzatainkban egy\u00e9rtelm\u0171en meghat\u00e1rozzuk a felel\u0151ss\u00e9gi- \u00e9s hat\u00e1sk\u00f6r\u00f6ket. Ezek marad\u00e9ktalan betart\u00e1s\u00e1t munkat\u00e1rsainkt\u00f3l elv\u00e1rjuk.<\/div><div>Elk\u00f6telezettek vagyunk a min\u0151s\u00e9gi munkav\u00e9gz\u00e9s ir\u00e1nt, \u00e9s ennek tudat\u00e1ban:<\/div><div>Kiz\u00e1r\u00f3lag olyan vizsg\u00e1ztat\u00f3kkal dolgozunk egy\u00fctt, akik szakmailag magasan k\u00e9pzettek, tapasztalattal rendelkeznek, elfogadj\u00e1k \u00e9s alkalmazz\u00e1k p\u00e1rtatlans\u00e1gi elveinket.<\/div><div>Kiz\u00e1r\u00f3lag olyan helysz\u00edneken szervez\u00fcnk vizsg\u00e1t, melyek korszer\u0171 infrastrukt\u00far\u00e1val rendelkeznek \u00e9s minden k\u00f6vetelm\u00e9nyt kiel\u00e9g\u00edtve kellemes \u00e9s inspir\u00e1l\u00f3 k\u00f6rnyezetet ny\u00fajtanak a vizsg\u00e1khoz.<\/div><div>Olyan vizsgafeladatokkal \u00e9s \u00e9rt\u00e9kel\u00e9si \u00fatmutat\u00f3kkal dolgozunk, melyek a jogszab\u00e1lyi el\u0151\u00edr\u00e1soknak marad\u00e9ktalanul megfelelnek \u00e9s a szakmai tud\u00e1s\/kompetenci\u00e1k m\u00e9r\u00e9s\u00e9re a lehet\u0151 legobjekt\u00edvabb m\u00f3don alkalmasak.<\/div><div>Minden vizsg\u00e1t szab\u00e1lyainknak megfelel\u0151en bonyol\u00edtunk le.<\/div><div>A min\u0151s\u00e9gpolitik\u00e1ban \u00e9s a vezet\u0151s\u00e9gi \u00e1tvizsg\u00e1l\u00e1sban megfogalmazott c\u00e9lok megval\u00f3s\u00edt\u00e1s\u00e1hoz biztos\u00edtjuk az er\u0151forr\u00e1sokat.<\/div><div>A vizsg\u00e1ztat\u00f3 szakemberek teljes\u00edtm\u00e9ny\u00e9t rendszeresen \u00e9rt\u00e9kelj\u00fck, v\u00e9lem\u00e9ny\u00fcket \u00e9s javaslataikat a vizsg\u00e1ztat\u00e1si folyamat min\u0151s\u00e9g\u00e9nek jav\u00edt\u00e1sa \u00e9rdek\u00e9ben figyelembe vessz\u00fck.<\/div><div>A vizsg\u00e1z\u00f3k el\u00e9gedetts\u00e9g\u00e9t m\u00e9rj\u00fck \u00e9s \u00e9rt\u00e9kelj\u00fck, e felm\u00e9r\u00e9sek eredm\u00e9nyeit szem el\u0151tt tartjuk folyamataink fejleszt\u00e9se sor\u00e1n.<\/div><div>Munkat\u00e1rsainkat (bele\u00e9rtve a vizsg\u00e1ztat\u00f3 szakembereket) rendszeresen k\u00e9pezz\u00fck a min\u0151s\u00e9gi munkav\u00e9gz\u00e9s \u00e9s a p\u00e1rtatlans\u00e1g ir\u00e1nti elk\u00f6telez\u0151d\u00e9s fenntart\u00e1sa, valamint a tev\u00e9kenys\u00e9g\u00fcket \u00e9rint\u0151 v\u00e1ltoz\u00e1sok megismer\u00e9se \u00e9rdek\u00e9ben.<\/div><div>T\u00f6reksz\u00fcnk a projektfeladatok \u00e9rt\u00e9kel\u00e9s\u00e9nek \u00faj, innovat\u00edv m\u00f3dszereinek alkalmaz\u00e1s\u00e1ra, n\u00f6velve ez\u00e1ltal a k\u00e9pz\u00e9sek hat\u00e9konys\u00e1g\u00e1nak.<\/div><div>Munk\u00e1nk sor\u00e1n hozott d\u00f6nt\u00e9seinkben kiemelt szerepet kapnak a t\u00e1rsadalmi felel\u0151ss\u00e9gv\u00e1llal\u00e1s, k\u00f6rnyezet\u00fcnk v\u00e9delme \u00e9s a k\u00fcl\u00f6nb\u00f6z\u0151 \u00e9lethelyzetekb\u0151l ad\u00f3d\u00f3 egy\u00e9ni ig\u00e9nyek kiel\u00e9g\u00edt\u00e9s\u00e9re val\u00f3 t\u00f6rekv\u00e9s.<\/div><div>Fontosnak tartjuk, hogy a vizsg\u00e1ztat\u00e1si folyamatba bevont valamennyi partner\u00fcnk megismerje a H\u00f3dmez\u0151v\u00e1s\u00e1rhelyi Vizsgak\u00f6zpont min\u0151s\u00e9gpolitik\u00e1j\u00e1t, alapvet\u0151 c\u00e9ljainkat, m\u0171k\u00f6d\u00e9si el\u0151\u00edr\u00e1sainkat.<\/div><div>Tev\u00e9kenys\u00e9g\u00fcnkbe bevont partnereinkt\u0151l elv\u00e1rjuk a k\u00f6vetelm\u00e9nyeknek megfelel\u0151 min\u0151s\u00e9gszint folyamatos biztos\u00edt\u00e1s\u00e1t, valamint min\u0151s\u00e9gfejleszt\u0151 javaslatok felvet\u00e9s\u00e9t, elfogad\u00e1s\u00e1t, megval\u00f3s\u00edt\u00e1s\u00e1t.<\/div><div>Vizsgak\u00f6zpontunk min\u0151s\u00e9gir\u00e1ny\u00edt\u00e1si rendszer\u00e9nek folyamatos fejleszt\u00e9s\u00e9vel meg k\u00edv\u00e1n felelni a jogszab\u00e1lyi k\u00f6rnyezetnek \u00e9s az akkredit\u00e1ci\u00f3s k\u00f6vetelm\u00e9nyeinek, ezzel is biztos\u00edtva az akkredit\u00e1ci\u00f3 folyamatos fenntart\u00e1s\u00e1t.<\/div><div>\u00a0<\/div><div>H\u00f3dmez\u0151v\u00e1s\u00e1rhely, 2025.01.02.<\/div><div>\u00a0<\/div><div><b>B\u00f3din\u00e9 G\u00e1l Gy\u00f6ngyi<br \/>vizsgak\u00f6zpont vezet\u0151<\/b><\/div>\t\t\t\t\t\t<\/div>\n\t\t\t\t<\/div>\n\t\t\t\t\t<\/div>\n\t\t<\/div>\n\t\t\t\t\t\t\t<\/div>\n\t\t<\/section>\n\t\t\t\t<section class=\"elementor-section elementor-top-section elementor-element elementor-element-24bfc94 elementor-section-boxed elementor-section-height-default elementor-section-height-default\" data-id=\"24bfc94\" data-element_type=\"section\" data-settings=\"{&quot;_ha_eqh_enable&quot;:false}\">\n\t\t\t\t\t\t<div class=\"elementor-container elementor-column-gap-default\">\n\t\t\t\t\t<div class=\"elementor-column elementor-col-100 elementor-top-column elementor-element elementor-element-1e9aca5\" data-id=\"1e9aca5\" data-element_type=\"column\">\n\t\t\t<div class=\"elementor-widget-wrap elementor-element-populated\">\n\t\t\t\t\t\t\t\t<div class=\"elementor-element elementor-element-3f3d7ca elementor-widget elementor-widget-heading\" data-id=\"3f3d7ca\" data-element_type=\"widget\" data-widget_type=\"heading.default\">\n\t\t\t\t<div class=\"elementor-widget-container\">\n\t\t\t<h2 class=\"elementor-heading-title elementor-size-default\">Min\u0151s\u00e9gir\u00e1ny\u00edt\u00e1s<\/h2>\t\t<\/div>\n\t\t\t\t<\/div>\n\t\t\t\t<div class=\"elementor-element elementor-element-610b608 elementor-widget elementor-widget-text-editor\" data-id=\"610b608\" data-element_type=\"widget\" data-widget_type=\"text-editor.default\">\n\t\t\t\t<div class=\"elementor-widget-container\">\n\t\t\t\t\t\t\t<div>Vizsgak\u00f6zpontunk a min\u0151s\u00e9gir\u00e1ny\u00edt\u00e1si rendszer\u00e9t a szakk\u00e9pz\u00e9sr\u0151l sz\u00f3l\u00f3 t\u00f6rv\u00e9ny\u00a0v\u00e9grehajt\u00e1s\u00e1r\u00f3l sz\u00f3l\u00f3 12\/2020. (II. 7.) Korm. rendelet 7. sz. mell\u00e9klete, valamint a KIM 2024. szeptember\u00e9ben kiadott &#8220;\u00datmutat\u00f3 az akkredit\u00e1lt szakk\u00e9pz\u00e9si vizsgak\u00f6zpontok Int\u00e9zm\u00e9nyi Vizsg\u00e1ztat\u00e1sir\u00e1ny\u00edt\u00e1si \u00e9s M\u0171k\u00f6dtet\u00e9si K\u00e9zik\u00f6nyv\u00e9nek tartalm\u00e1ra&#8221; elnevez\u00e9s\u0171 ir\u00e1nymutat\u00e1sa (<u><a id=\"m_-4706583910060353350OWAa68db71a-66da-2be6-905e-f773c41c5885\" href=\"https:\/\/cdn.kormany.hu\/uploads\/document\/8\/8f\/8f1\/8f15cd8e36136c4ce782279c5d4925b457382c45.pdf\" target=\"_blank\" rel=\"noopener\" data-saferedirecturl=\"https:\/\/www.google.com\/url?q=https:\/\/cdn.kormany.hu\/uploads\/document\/8\/8f\/8f1\/8f15cd8e36136c4ce782279c5d4925b457382c45.pdf&amp;source=gmail&amp;ust=1759992257410000&amp;usg=AOvVaw1COt2uiwAmOfD_CAHtGbFI\">https:\/\/cdn.kormany.hu\/<wbr \/>uploads\/document\/8\/8f\/8f1\/<wbr \/>8f15cd8e36136c4ce782279c5d4925<wbr \/>b457382c45.pdf<\/a><\/u>) alapj\u00e1n alak\u00edtotta ki \u00e9s m\u0171k\u00f6dteti:<\/div><div><i>1. A H\u00f3dmez\u0151v\u00e1s\u00e1rhelyi Vizsgak\u00f6zpont a szakk\u00e9pz\u00e9sr\u0151l sz\u00f3l\u00f3 2019. \u00e9vi LXXX. t\u00f6rv\u00e9ny. 128\/B. \u00a7 rendelkez\u00e9seinek megfelel\u0151 akkredit\u00e1lt szakk\u00e9pz\u00e9si vizsgak\u00f6zpont:<\/i><\/div><div><i>1.1. dokument\u00e1lt min\u0151s\u00e9gir\u00e1ny\u00edt\u00e1si rendszert m\u0171k\u00f6dtet, amely k\u00e9pes al\u00e1t\u00e1masztani \u00e9s bizony\u00edtani az el\u0151\u00edrt k\u00f6vetelm\u00e9nyek k\u00f6vetkezetes teljes\u00fcl\u00e9s\u00e9t a k\u00f6vetkez\u0151k ment\u00e9n:<\/i><\/div><div><i>1.1.1. megfogalmazta min\u0151s\u00e9gpolitik\u00e1j\u00e1t, \u00e9s kijel\u00f6li strat\u00e9giai c\u00e9ljait,<\/i><\/div><div><i>1.1.2. a vizsgak\u00f6zpont vezet\u0151s\u00e9ge elk\u00f6telezett az ir\u00e1ny\u00edt\u00e1si rendszer folyamatos fejleszt\u00e9se mellett,<\/i><\/div><div><i>1.1.3. gondoskodik a folyamatai, szolg\u00e1ltat\u00e1sai min\u0151s\u00e9g\u00e9t \u00e9rint\u0151 visszajelz\u00e9sek, el\u00e9gedetts\u00e9gi mutat\u00f3k gy\u0171jt\u00e9s\u00e9r\u0151l \u00e9s azok fejleszt\u00e9shez sz\u00fcks\u00e9ges felhaszn\u00e1l\u00e1s\u00e1r\u00f3l,<\/i><\/div><div><i>1.1.4. biztos\u00edtja, hogy a vizsg\u00e1z\u00f3r\u00f3l kiz\u00e1r\u00f3lag olyan inform\u00e1ci\u00f3t hoz nyilv\u00e1noss\u00e1gra, amire a jogszab\u00e1ly felhatalmaz\u00e1st ad,<\/i><\/div><div><i>1.1.5. a jelentkez\u0151ket megfelel\u0151 \u00e9s el\u00e9gs\u00e9ges inform\u00e1ci\u00f3val l\u00e1tja el a vizsg\u00e1kkal, a vizsg\u00e1z\u00e1s folyamat\u00e1val kapcsolatban,<\/i><\/div><div><i>1.1.6. megfelel\u0151 bels\u0151 szab\u00e1lyzat kialak\u00edt\u00e1s\u00e1val, az el\u0151\u00edr\u00e1sok betart\u00e1s\u00e1val \u00e9s betartat\u00e1s\u00e1val biztos\u00edtja a bizalmas inform\u00e1ci\u00f3kezel\u00e9st,<\/i><\/div><div><i>1.1.7. bels\u0151 auditot m\u0171k\u00f6dtet, mely megfelel\u0151 inform\u00e1ci\u00f3t biztos\u00edt a sz\u00fcks\u00e9ges beavatkoz\u00e1sok d\u00f6nt\u00e9seihez, fejleszt\u00e9sek tervez\u00e9s\u00e9hez,<\/i><\/div><div><i>1.1.8. a tev\u00e9kenys\u00e9g\u00e9vel, folyamataival kapcsolatban felt\u00e1rt nemmegfelel\u0151s\u00e9gek ok\u00e1t kivizsg\u00e1lja, \u00e9s sz\u00fcks\u00e9g szerint helyesb\u00edt\u0151, megel\u0151z\u0151 int\u00e9zked\u00e9st vezet be;<\/i><\/div><div><i>1.2. dokument\u00e1lt elj\u00e1r\u00e1srenddel rendelkezik a szakmai vagy k\u00e9pes\u00edt\u0151 vizsga p\u00e1rtatlans\u00e1g\u00e1nak biztos\u00edt\u00e1s\u00e1ra, melynek \u00e9rdek\u00e9ben:<\/i><\/div><div><i>1.2.1. nem engedi meg, hogy kereskedelmi, p\u00e9nz\u00fcgyi vagy m\u00e1s t\u00e9nyez\u0151k nyom\u00e1st gyakoroljanak r\u00e1 a p\u00e1rtatlans\u00e1gi elvek felad\u00e1sa c\u00e9lj\u00e1b\u00f3l,<\/i><\/div><div><i>1.2.2. kock\u00e1zat\u00e9rt\u00e9kel\u00e9ssel felm\u00e9ri mindazokat a potenci\u00e1lis vesz\u00e9lyeket, melyek a p\u00e1rtatlan vizsg\u00e1ztat\u00e1sra hat\u00e1ssal lehetnek,<\/i><\/div><div><i>1.2.3. a teljes vizsg\u00e1ztat\u00e1si folyamatban (bele\u00e9rtve a jelentkez\u00e9si, m\u00e9r\u00e9si, \u00e9rt\u00e9kel\u00e9si \u00e9s d\u00f6nt\u00e9si folyamatokat) kezeli az \u00e9rdekellent\u00e9tek eseteit, kik\u00fcsz\u00f6b\u00f6li vagy cs\u00f6kkenti azokat, \u00e9s minden esetben biztos\u00edtja a vizsg\u00e1ztat\u00e1s objektivit\u00e1s\u00e1t, minden folyamat\u00e1t \u00e9s elj\u00e1r\u00e1s\u00e1t f\u00fcggetlen\u00edti a k\u00e9pz\u00e9st\u0151l;<\/i><\/div><div><i>1.3. dokument\u00e1ltan biztos\u00edtja a tev\u00e9kenys\u00e9ge elv\u00e9gz\u00e9s\u00e9hez a megfelel\u0151 szem\u00e9lyzetet, melynek \u00e9rdek\u00e9ben:<\/i><\/div><div><i>1.3.1. meghat\u00e1rozza a vizsg\u00e1ztat\u00e1si folyamatban r\u00e9szt vev\u0151 szem\u00e9lyzetre vonatkoz\u00f3 \u2013 amennyiben adott szem\u00e9lyre jogszab\u00e1ly nem rendelkezik \u2013 megfelel\u0151 alkalmass\u00e1gi k\u00f6vetelm\u00e9nyeket,<\/i><\/div><div><i>1.3.2. rendelkezik elegend\u0151 l\u00e9tsz\u00e1m\u00fa \u00e9s a konkr\u00e9t feladataiknak \u00e9s felel\u0151ss\u00e9gi k\u00f6reiknek megfelel\u0151 kompetenci\u00e1val rendelkez\u0151 szem\u00e9lyzettel,<\/i><\/div><div><i>1.3.3. szervezet\u00e9n bel\u00fcl alkalmaz olyan szem\u00e9lyt, aki egy\u00e9b feladatait\u00f3l f\u00fcggetlen\u00fcl a vizsgak\u00f6zpont min\u0151s\u00e9gir\u00e1ny\u00edt\u00e1si rendszer\u00e9t m\u0171k\u00f6dteti,<\/i><\/div><div><i>1.3.4. rendelkezik olyan szab\u00e1lyzattal, mely r\u00e9szletesen meghat\u00e1rozza \u00e9s dokument\u00e1lja szervezet\u00e9ben a felel\u0151ss\u00e9gi k\u00f6r\u00f6ket \u00e9s hat\u00e1sk\u00f6r\u00f6ket,<\/i><\/div><div><i>1.3.5. gondoskodik a szem\u00e9lyzet\u00e9nek a feladatra val\u00f3 felk\u00e9sz\u00edt\u00e9s\u00e9r\u0151l,<\/i><\/div><div><i>1.3.6. ir\u00e1ny\u00edtja a vizsg\u00e1ztat\u00e1si folyamatban r\u00e9szt vev\u0151 teljes szem\u00e9lyzet munk\u00e1j\u00e1t, \u00e9s felel\u0151ss\u00e9get v\u00e1llal a munka eredm\u00e9ny\u00e9\u00e9rt,<\/i><\/div><div><i>1.3.7. k\u00f6teless\u00e9geket \u00e9s felel\u0151ss\u00e9gi k\u00f6r\u00f6ket le\u00edr\u00f3, aktu\u00e1lis dokument\u00e1lt utas\u00edt\u00e1sokkal l\u00e1tja el a szem\u00e9lyzet\u00e9t,<\/i><\/div><div><i>1.3.8. elj\u00e1r\u00e1srenddel rendelkezik, \u00e9s dokument\u00e1lja a vizsg\u00e1ztat\u00e1si folyamatban a vizsgak\u00f6zponttal egy\u00fcttm\u0171k\u00f6d\u0151 \u00e9s alkalmas vizsgabizotts\u00e1gi tagok \u00e9s vizsg\u00e1ztat\u00e1sban k\u00f6zrem\u0171k\u00f6d\u0151 szak\u00e9rt\u0151k kiv\u00e1laszt\u00e1s\u00e1t (az alkalmass\u00e1g meg\u00edt\u00e9l\u00e9se szempontj\u00e1b\u00f3l sz\u00fcks\u00e9ges, relev\u00e1ns inform\u00e1ci\u00f3k begy\u0171jt\u00e9s\u00e9t \u00e9s nyilv\u00e1ntart\u00e1s\u00e1t a v\u00e9gzetts\u00e9g, szakk\u00e9pzetts\u00e9g, tov\u00e1bbk\u00e9pz\u00e9sek, szakmai tapasztalat, szakmai hovatartoz\u00e1s, ismert \u00e9rdekellent\u00e9tek tekintet\u00e9ben),<\/i><\/div><div><i>1.3.9. dokument\u00e1lja az \u00e1ltala el\u0151zetesen j\u00f3v\u00e1hagyott egy\u00fcttm\u0171k\u00f6d\u00e9sre felk\u00e9rhet\u0151 szak\u00e9rt\u0151ket,<\/i><\/div><div><i>1.3.10. figyelemmel k\u00eds\u00e9ri, ellen\u0151rzi a vizsg\u00e1ztat\u00e1sban r\u00e9szt vev\u0151k munk\u00e1j\u00e1t, teljes\u00edtm\u00e9ny\u00e9t, valamint az \u00e1ltaluk hozott javaslatok megb\u00edzhat\u00f3s\u00e1g\u00e1t;<\/i><\/div><div><i>1.4. dokument\u00e1ltan biztos\u00edtja a tev\u00e9kenys\u00e9ge elv\u00e9gz\u00e9s\u00e9hez jogszab\u00e1lyban, k\u00e9pz\u00e9si \u00e9s kimeneti k\u00f6vetelm\u00e9nyben, programk\u00f6vetelm\u00e9nyben el\u0151\u00edrt \u00e9s megfelel\u0151 t\u00e1rgyi felt\u00e9teleket, melynek \u00e9rdek\u00e9ben:<\/i><\/div><div><i>1.4.1. a tervezett vizsg\u00e1ztat\u00e1si l\u00e9tsz\u00e1m\u00e1hoz m\u00e9rten elegend\u0151 sz\u00e1m\u00fa \u00e9s megfelel\u0151 vizsgahelysz\u00ednnel m\u0171k\u00f6dik egy\u00fctt,<\/i><\/div><div><i>1.4.2. nem saj\u00e1t tulajdon\u00fa vizsgahelysz\u00edn eset\u00e9n megfelel\u0151 meg\u00e1llapod\u00e1sokat k\u00f6t a vizsgahelysz\u00edneket biztos\u00edt\u00f3 partnerekkel a vizsgahelysz\u00edn \u00e9s sz\u00fcks\u00e9ges eszk\u00f6z\u00f6k biztos\u00edt\u00e1s\u00e1ra,<\/i><\/div><div><i>1.4.3. dokument\u00e1lja az \u00e1ltala el\u0151zetesen j\u00f3v\u00e1hagyott egy\u00fcttm\u0171k\u00f6d\u00e9sre felk\u00e9rhet\u0151 vizsgahelysz\u00edneket, vizsgahelysz\u00ednt biztos\u00edt\u00f3 partnereket,<\/i><\/div><div><i>1.4.4. folyamatosan figyelemmel k\u00eds\u00e9ri, ellen\u0151rzi a vizsgahelysz\u00ednek megfelel\u0151s\u00e9g\u00e9t, teljes\u00edtm\u00e9ny\u00e9t,<\/i><\/div><div><i>1.4.5. felel\u0151ss\u00e9get v\u00e1llal, hogy az \u00e1ltala szervezett szakmai vagy k\u00e9pes\u00edt\u0151 vizsg\u00e1k vizsgahelysz\u00ednei minden tekintetben megfelelnek, \u00e9s teljes\u00edtik az el\u0151\u00edr\u00e1sokat, amelyek a vizsga jogszer\u0171 lebonyol\u00edt\u00e1s\u00e1hoz sz\u00fcks\u00e9gesek;<\/i><\/div><div><i>1.5. rendelkezik a szakmai, illetve k\u00e9pes\u00edt\u0151 vizsgafolyamatot le\u00edr\u00f3 r\u00e9szletes szab\u00e1lyzattal, mely megfelel\u0151 \u00e9s elegend\u0151 inform\u00e1ci\u00f3t biztos\u00edt arra vonatkoz\u00f3an, hogy milyen m\u00f3don, \u00e9s milyen, a tev\u00e9kenys\u00e9g\u00e9re k\u00f6telez\u0151, illetve v\u00e1llalt bels\u0151 szab\u00e1lyok ment\u00e9n szervezi meg a szakmai, illetve k\u00e9pes\u00edt\u0151 vizsg\u00e1it (ide\u00e9rtve a vizsg\u00e1ra t\u00f6rt\u00e9n\u0151 jelentkez\u00e9st is) \u00fagy, hogy azok az el\u0151\u00edr\u00e1soknak mindenben megfeleljenek;<\/i><\/div><div><i>1.6. dokument\u00e1lt elj\u00e1r\u00e1ssal rendelkezik az akkredit\u00e1lt szakk\u00e9pz\u00e9si vizsgak\u00f6zpont d\u00f6nt\u00e9se, int\u00e9zked\u00e9se vagy int\u00e9zked\u00e9s\u00e9nek elmulaszt\u00e1sa ellen beny\u00fajtott t\u00f6rv\u00e9nyess\u00e9gi k\u00e9relem \u00e9s m\u00e1s panasz:<\/i><\/div><div><i>1.6.1. \u00e1tv\u00e9tel\u00e9re, kivizsg\u00e1l\u00e1s\u00e1ra \u00e9s a vizsgak\u00f6zpont d\u00f6nt\u00e9shozatal\u00e1ra,<\/i><\/div><div><i>1.6.2. biztos\u00edtja, hogy minden t\u00f6rv\u00e9nyess\u00e9gi k\u00e9relemmel, panasszal konstrukt\u00edv, p\u00e1rtatlan m\u00f3don \u00e9s kell\u0151 id\u0151ben foglalkozzanak \u00e9s azt, hogy a t\u00f6rv\u00e9nyess\u00e9gi k\u00e9relem, panasz beny\u00fajt\u00e1sa, kivizsg\u00e1l\u00e1sa \u00e9s a vonatkoz\u00f3 vizsgak\u00f6zponti d\u00f6nt\u00e9s ne eredm\u00e9nyezzen diszkriminat\u00edv l\u00e9p\u00e9st a k\u00e9relmet beny\u00fajt\u00f3, illetve panaszos f\u00e9llel szemben.<\/i><\/div><div>A min\u0151s\u00e9gir\u00e1ny\u00edt\u00e1si rendszer publikus elemei megtekinthet\u0151k a \u201eLet\u00f6lthet\u0151 dokumentumok\u201d men\u00fcben (<u><a id=\"m_-4706583910060353350OWA9c2ed88d-ddc3-5f41-cc66-4f34608b17a4\" href=\"https:\/\/hmvhelyivizsgakozpont.hu\/index.php\/letoltheto-dokumentumok\/\" target=\"_blank\" rel=\"noopener\" data-saferedirecturl=\"https:\/\/www.google.com\/url?q=https:\/\/hmvhelyivizsgakozpont.hu\/index.php\/letoltheto-dokumentumok\/&amp;source=gmail&amp;ust=1759992257410000&amp;usg=AOvVaw1d_55xCg3I2PPTAF2VCkNP\">https:\/\/<wbr \/>hmvhelyivizsgakozpont.hu\/<wbr \/>index.php\/letoltheto-<wbr \/>dokumentumok\/<\/a><\/u>) valamint a mindenkori hat\u00e1lyos szab\u00e1lyzatai, elj\u00e1r\u00e1srendjei teljesk\u00f6r\u0171en megtekinthet\u0151k a Vizsgak\u00f6zpont \u00fcgyf\u00e9lszolg\u00e1lat\u00e1n, \u00fcgyf\u00e9lszolg\u00e1lati id\u0151ben. (<a href=\"https:\/\/hmvhelyivizsgakozpont.hu\/index.php\/kapcsolat\/\" target=\"_blank\" rel=\"noopener\" data-saferedirecturl=\"https:\/\/www.google.com\/url?q=https:\/\/hmvhelyivizsgakozpont.hu\/index.php\/kapcsolat\/&amp;source=gmail&amp;ust=1759992257410000&amp;usg=AOvVaw18qTEA5yBf7CplaF0OOq-I\">https:\/\/<wbr \/>hmvhelyivizsgakozpont.hu\/<wbr \/>index.php\/kapcsolat\/<\/a>)<\/div>\t\t\t\t\t\t<\/div>\n\t\t\t\t<\/div>\n\t\t\t\t\t<\/div>\n\t\t<\/div>\n\t\t\t\t\t\t\t<\/div>\n\t\t<\/section>\n\t\t\t\t\t\t<\/div>\n\t\t\t\t\t<\/div>\n\t\t","protected":false},"excerpt":{"rendered":"<p>Min\u0151s\u00e9gpolitika Vizsgak\u00f6zpontunk az \u00faj szakk\u00e9pz\u00e9si rendszer jogszab\u00e1lyaiban meghat\u00e1rozott akkredit\u00e1lt vizsg\u00e1ztat\u00e1si tev\u00e9kenys\u00e9get folytat.C\u00e9lunk, hogy a piaci \u00e9s a gazdas\u00e1gi szerepl\u0151k r\u00e9sz\u00e9r\u0151l<\/p>\n","protected":false},"author":1,"featured_media":0,"parent":0,"menu_order":0,"comment_status":"closed","ping_status":"closed","template":"","meta":[],"_links":{"self":[{"href":"https:\/\/hmvhelyivizsgakozpont.hu\/index.php\/wp-json\/wp\/v2\/pages\/4250"}],"collection":[{"href":"https:\/\/hmvhelyivizsgakozpont.hu\/index.php\/wp-json\/wp\/v2\/pages"}],"about":[{"href":"https:\/\/hmvhelyivizsgakozpont.hu\/index.php\/wp-json\/wp\/v2\/types\/page"}],"author":[{"embeddable":true,"href":"https:\/\/hmvhelyivizsgakozpont.hu\/index.php\/wp-json\/wp\/v2\/users\/1"}],"replies":[{"embeddable":true,"href":"https:\/\/hmvhelyivizsgakozpont.hu\/index.php\/wp-json\/wp\/v2\/comments?post=4250"}],"version-history":[{"count":7,"href":"https:\/\/hmvhelyivizsgakozpont.hu\/index.php\/wp-json\/wp\/v2\/pages\/4250\/revisions"}],"predecessor-version":[{"id":4595,"href":"https:\/\/hmvhelyivizsgakozpont.hu\/index.php\/wp-json\/wp\/v2\/pages\/4250\/revisions\/4595"}],"wp:attachment":[{"href":"https:\/\/hmvhelyivizsgakozpont.hu\/index.php\/wp-json\/wp\/v2\/media?parent=4250"}],"curies":[{"name":"wp","href":"https:\/\/api.w.org\/{rel}","templated":true}]}}